2*m**2 - 2 + 27*m - 66*m**2 + m**3 - 2 - 13. Calculate the remainder when -21*(5/3)/(-1) is divided by u(12).
16
Let l = 383 + -380. Suppose -21 = l*p - 2*d - 238, -p = d - 69. Calculate the remainder when p is divided by 19.
14
Suppose -3*r = 4*g - 1210, -606 = -4*r + 3*g + 999. Calculate the remainder when r is divided by 115.
57
Let p = 1836 - -128. What is the remainder when p is divided by 21?
11
Suppose v + 8 = 2*c - 3*v, 5*c = -v + 9. Suppose c*d + t = -0*d + 144, 3*t = -2*d + 152. Calculate the remainder when d is divided by 16.
6
Let w be ((-6)/(-6))/((-2)/26). Let g = w + 25. Calculate the remainder when (-135)/(-5)*100/60 is divided by g.
9
Let t be 2240/32*3/6. Suppose 0 = -t*z + 9042 + 653. What is the remainder when z is divided by 40?
37
Let n = 1340 + -1142. What is the remainder when n is divided by 59?
21
Suppose -5*v - 52*d + 320 = -55*d, -3*d - 192 = -3*v. What is the remainder when 503 is divided by v?
55
Let r = 73 + -51. Suppose 0 = 2*z + 3*f - 47 - r, 5*z + 4*f = 162. What is the remainder when z is divided by 196/294 - ((1 - 1) + (-62)/6)?
8
Suppose 0 = 4*u - 3*j - 373, -3*u = -2*j + 3*j - 270. Suppose -l + 154 + u = 0. What is the remainder when l/25 - (-3)/15 is divided by 3?
1
Let o(x) = -x**3 - 22*x**2 - 11*x - 38. Let q be o(-22). Suppose -4*g + 4*k + 296 = 0, -3*k + q = -0*g + 3*g. What is the remainder when g is divided by 24?
23
What is the remainder when (33 - 15 - 16) + 1363 is divided by 76?
73
Let c(o) = -7*o**2 - 105*o - 61. Calculate the remainder when 830 is divided by c(-14).
16
Suppose f + 21 = -0*o - 3*o, -2*f - 3*o - 57 = 0. Let l = 48 + f. Suppose 11*s - l - 21 = 0. Calculate the remainder when 11 is divided by s.
2
Let u(v) = -v**3 - 8*v - 13. Calculate the remainder when 1042 is divided by u(-2).
8
Let k = -39 + -42. Let m = -10 - k. What is the remainder when 139 is divided by m?
68
Let j be (-788)/(-6) - 22/(-33). Let p be j - (5/(-20))/(2/8). Suppose -p = -9*u + 2*u. Calculate the remainder when 63 is divided by u.
6
Let z = -16040 + 16302. Calculate the remainder when 654 is divided by z.
130
Let b = 67 + -17. Let f(c) = -14*c - 1 + 12*c**2 + c**3 - c**2 + 3. What is the remainder when b is divided by f(-12)?
24
Let r = 161 + 106. Calculate the remainder when r is divided by 14.
1
Let a = -8250 - -10750. What is the remainder when a is divided by 42?
22
Let j(l) = 2*l**3 + 35*l**2 + 33*l + 933. Suppose 5*b - 5*o = 225, -b - 2*b - 4*o + 114 = 0. Calculate the remainder when b is divided by j(-18).
12
Suppose 27*u = -1774 + 7694 + 155. What is the remainder when u is divided by 149?
76
Let v = 500 - 17. Let i = 509 - v. Calculate the remainder when 43 is divided by i.
17
Let x = -65 + 61. Let i be (0 - x/12) + (-250)/3. Let j = -27 - i. What is the remainder when 165 is divided by j?
53
Suppose -31*i - 174246 = -65*i - 192*i. What is the remainder when i is divided by 252?
15
Let c = 5148 - 3086. Calculate the remainder when c is divided by 39.
34
Let v = 219 - 213. Let k(o) = -o**2 + 16*o - 4. What is the remainder when k(v) is divided by 15?
11
Suppose 0 = -68*q + 20321 - 18961. Suppose 5*n - 1061 = x + 3*x, 2*x - 2 = 0. Calculate the remainder when n is divided by q.
13
Suppose g - 639 = -4*t, 2*t + 5*g - 301 = 14. What is the remainder when t is divided by 68?
24
Let d = -28275 - -28286. What is the remainder when 4805 is divided by d?
9
Let p = -5 + 8. Let k be (-1)/p + (-13)/(39/(-40)). Let b(r) = r**3 - 12*r**2 - 8*r - 28. What is the remainder when b(k) is divided by 5?
2
Let f = 381 - 355. Suppose -4*a + 5*a - f = -5*w, -3*w - 2 = -a. Calculate the remainder when (1 + 8)*(-42)/(-9) is divided by a.
9
Let m(p) = -46*p + 10341. Calculate the remainder when m(120) is divided by 36.
33
Suppose -75*r + 66*r = -70 - 8651. Calculate the remainder when r is divided by 478.
13
Let a(v) be the third derivative of -v**6/120 + 11*v**5/60 - v**4/3 + v**3/2 - v**2. Let h = 74 - 50. Calculate the remainder when a(9) is divided by h.
21
Let m(w) = w**2 + 4*w - 8. Let f = 4616 - 4545. Calculate the remainder when f is divided by m(-9).
34
Let f be 30/5 + -1 - -2. Suppose 12*c - 50 = f*c. Suppose 5*z - 63 = 32. What is the remainder when z is divided by c?
9
Let o = 72 + -52. Let p be o/6*(-3 - -22 - 7). What is the remainder when 24 is divided by (48/10)/(p/100)?
0
Suppose -1536 = -5*o - 3*i, -236*o + 5*i = -235*o - 296. Suppose -2*n = -0 - 28. What is the remainder when o is divided by n?
12
Suppose -33*d = 88508 - 151076. What is the remainder when d is divided by 943?
10
Suppose -2*r + 80 = 2*r. Let v(t) = -t**3 + 36*t**2 + 43*t - 68. What is the remainder when v(37) is divided by r?
14
Suppose 0 = 5*s + 15, 56 = -0*o + 2*o + 2*s. Suppose -303 = -5*r - 2*z, -14*r + 18*r - 5*z = 216. Calculate the remainder when r is divided by o.
28
Let x = -24 + 24. Suppose -2*k - 50 = -x*k. What is the remainder when 14 is divided by -4 + 5/(k/(-45))?
4
Let o = 294 + -240. Let d(g) = -4*g - 12. Calculate the remainder when o is divided by d(-12).
18
Let v(o) be the second derivative of -5*o**3/6 - 36*o**2 + 114*o. What is the remainder when 126 is divided by v(-19)?
11
Suppose 202*w + 39 = 203*w. Let u = 11 + -1. What is the remainder when w is divided by u?
9
Let r be (-225)/30*4/(-3). Let s = -48 + 73. Suppose -5*a + 0 = -2*b - r, -s = -5*b. What is the remainder when 16 is divided by a?
0
Suppose -5*j - 6 = -201. Let q = 121 + -125. Calculate the remainder when j is divided by 12/9*((-46)/(-4) + q).
9
Suppose -13 = -g - 2*r, 23*g - 18*g + 5*r - 65 = 0. What is the remainder when (-282)/(-8) + 3/(-12) is divided by g?
9
Suppose -10972*q + 11046*q - 445998 = 0. Calculate the remainder when q is divided by 45.
42
Suppose -38243 - 27268 = -81*a + 37197. Calculate the remainder when a is divided by 19.
14
Suppose 105*x + 38868 = 89*x + 253*x. Calculate the remainder when x is divided by 87.
77
Suppose -15*d + d + 6648 = 10*d. What is the remainder when d is divided by 138?
1
Suppose 0 = -18*d + 3*d. Suppose d*z - 5*z - a = -115, 2*a - 120 = -5*z. Calculate the remainder when ((-8)/(-6))/((-2)/(-90)) is divided by z.
16
Suppose -5*m + 12 = 2*v, -42*m = -5*v - 45*m - 8. What is the remainder when 58 is divided by (-220)/(-70) - v/(-28)?
1
Suppose -4*b - 3 = 25. Let v be 0/(b/((-28)/8)). Suppose c - 51 = -v*s + s, -4*s = 12. Calculate the remainder when c is divided by 10.
8
Let a(d) = d + 25. Let z be a(-34). Let f(k) = -k**2 - 12*k - 4. What is the remainder when 110 is divided by f(z)?
18
Let j(k) be the first derivative of -2*k**2 + 37*k + 142. Suppose -1 = -g + 4. Calculate the remainder when j(5) is divided by g.
2
Suppose -6*z = -4*z - 4*m - 6, -5*z = -4*m - 15. Let h be -298*(-3)/(-2)*1 + z. What is the remainder when (h/(-8))/(3/8) is divided by 51?
46
Suppose 3*j + 10 = -2*j. Let l(r) = -5*r + 18 - 40 + 0*r**2 - r**2 + 19. What is the remainder when 5 is divided by l(j)?
2
Suppose 4*o - 780 = 5*s, -966 = -5*o + 2*s + 2*s. Let m(k) = -k**3 - 7*k + 22. What is the remainder when o is divided by m(0)?
14
Suppose 238*v = 117*v + 1089. What is the remainder when 517 is divided by v?
4
Let x = -18 + 34. Suppose 5*c - 4*j = 31, -15*c = -10*c + 3*j - 38. What is the remainder when 3/4 + 276/x is divided by c?
4
Suppose 4*w - q - 75 = 0, -2*w + 2*q = -6*w + 78. Let a(r) = -r**3 + 10*r**2 + 3*r + 18. What is the remainder when a(10) is divided by w?
10
Let h(y) = -2*y**2 - 7*y + 71. Let p be h(5). Let f = p - -56. Calculate the remainder when 251 is divided by f.
41
Suppose 188*k - 171*k - 8381 = 0. What is the remainder when k is divided by 11?
9
Let k = 1 + 1. Suppose 35*d = -61 - 170 + 2996. Calculate the remainder when d is divided by (-1 - k/(-2)) + 20.
19
Suppose -13*x + 6911 = -434. Calculate the remainder when 1725 is divided by x.
30
Let b(c) = 13 - 13*c - 5*c + 35*c**2 + 11*c. What is the remainder when b(2) is divided by 73?
66
Let i = -270 - -378. Suppose 2*p - 4*d - i = 0, -3*p + 3*d - 18 = -165. Calculate the remainder when 122 is divided by p.
34
Let n(c) = c**3 - 12*c**2 - 104*c - 19. Let j(k) = 15*k + 138. Let z be j(-8). What is the remainder when 134 is divided by n(z)?
28
Suppose 0 = 4784*r - 4785*r - 15. Let y = 61 - 40. Calculate the remainder when 108 is divided by 7/(y/r)*-11.
53
Let x(s) = 